{"id":69,"date":"2019-06-24T21:29:12","date_gmt":"2019-06-24T21:29:12","guid":{"rendered":"https:\/\/uni-tauchen.de\/?page_id=69"},"modified":"2024-08-27T19:08:04","modified_gmt":"2024-08-27T19:08:04","slug":"open-water-diver","status":"publish","type":"page","link":"https:\/\/uni-tauchen.de\/?page_id=69","title":{"rendered":"Open Water Diver"},"content":{"rendered":"\n<p>In unserem PADI Open Water Diver Kurs (OWD) k\u00f6nnt ihr das Ger\u00e4tetauchen in Theorie und Praxis erlernen. Nach erfolgreicher Teilnahme des Kurses erhaltet ihr einen international anerkannten Tauchschein. Bei der Ausbildung ist besonders wichtig, dass Ihr die Grundlagen des Tauchens ausf\u00fchrlich und sicher erlernt. Wir bieten euch daher Tauchkurse an, die wir \u00fcber ein ganzes Semester durchf\u00fchren. Dies ist dadurch m\u00f6glich, dass wir alle ehrenamtlich arbeiten und dadurch keinen Kostendruck haben. <\/p>\n\n\n\n<p>Die Anmeldung zum OWD-Kurs findet immer am ersten Montag im Semester statt. Bitte beachtet f\u00fcr weitere Informationen das Sportprogramm des Allgemeinen Hochschulsports bzw. unsere Neuigkeiten auf der Startseite. Am ersten Termin m\u00fcssen wir \u00fcberpr\u00fcfen, dass ihr schwimmen k\u00f6nnt. Bringt daher bitte Badesachen mit.<\/p>\n\n\n\n<p><strong>Kosten:<\/strong> Die Kosten, die f\u00fcr den Kurs anfallen, dienen der Wartung, Instandhaltung und Erneuerung der Tauchausr\u00fcstung, die wir euch gerne f\u00fcr den Kurs zur Verf\u00fcgung stellen. Da wir eine international anerkannten Tauchschein anbieten, mit dem ihr weltweit tauchen gehen k\u00f6nnt, fallen hier die offiziellen Brevetierungsgeb\u00fchren an. <\/p>\n\n\n\n<p><strong>Wichtig:<\/strong> Der OWD Kurs richtet sich ausschlie\u00dflich an Studierende und Bedienstete der Universit\u00e4t Mainz und Fachhochschule Mainz sowie Mitarbeiter der Universit\u00e4tsmedizin Mainz.  F\u00f6rdervereinsmitglieder k\u00f6nnen aus Versicherungsgr\u00fcnden leider nicht teilnehmen.<br><\/p>\n\n\n\n<h4 class=\"wp-block-heading\">Ablauf des OWD-Kurses<\/h4>\n\n\n\n<p> Die Ausbildung unterteilt sich bei uns in zwei Teile<\/p>\n\n\n\n<ol class=\"wp-block-list\">\n<li>Ausbildung im Uni-Schwimmbad<\/li>\n\n\n\n<li>Freiwassertauchg\u00e4nge an einem See<\/li>\n<\/ol>\n\n\n\n<p>Der erste Teil der Ausbildung findet immer \u00fcber das ganze Winter- bzw. Sommersemester statt. Sie unterteilt sich in einen Praxis- und einen Theorieteil. F\u00fcr den Praxisteil treffen wir uns immer <strong>montags um 18:00 Uhr<\/strong> vor dem Uni-Schwimmbad. Anschlie\u00dfend werdet ihr dann 90 Minuten am Ger\u00e4t und mit eurer ABC-Ausr\u00fcstung \u00fcben. So habt ihr gen\u00fcgend Zeit euch mit dem Element Wasser und der Ausr\u00fcstung, die zum Tauchen notwendig ist, vertraut zu machen.<br>Der Theorieteil findet im Anschluss an den Praxisteil in einem der H\u00f6rs\u00e4le des Sportinstituts statt. Hier lernt ihr die theoretischen und physikalischen Grundlagen des Tauchens, gesundheitliche Risiken und Gefahren sowie deren Vermeidung kennen.<\/p>\n\n\n\n<p>F\u00fcr den Erhalt des Tauchscheins sind f\u00fcnf Tauchg\u00e4nge im freien Wasser erforderlich, die wir im Sommer an einem See durchf\u00fchren werden. Dieser zweite Teil der Ausbildung findet in der Regel in der zweiten Augusth\u00e4lfte statt. Hier habt ihr dann die M\u00f6glichkeit mit uns an zwei zusammenh\u00e4ngenden Tagen am See zu zelten und eure Ausbildung abzuschlie\u00dfen.<\/p>\n\n\n\n<p><\/p>\n\n\n\n<p><\/p>\n","protected":false},"excerpt":{"rendered":"<p>In unserem PADI Open Water Diver Kurs (OWD) k\u00f6nnt ihr das Ger\u00e4tetauchen in Theorie und Praxis erlernen. Nach erfolgreicher Teilnahme[&#8230;]<\/p>\n","protected":false},"author":1,"featured_media":0,"parent":65,"menu_order":0,"comment_status":"closed","ping_status":"closed","template":"","meta":{"footnotes":""},"class_list":["post-69","page","type-page","status-publish","hentry"],"_links":{"self":[{"href":"https:\/\/uni-tauchen.de\/index.php?rest_route=\/wp\/v2\/pages\/69","targetHints":{"allow":["GET"]}}],"collection":[{"href":"https:\/\/uni-tauchen.de\/index.php?rest_route=\/wp\/v2\/pages"}],"about":[{"href":"https:\/\/uni-tauchen.de\/index.php?rest_route=\/wp\/v2\/types\/page"}],"author":[{"embeddable":true,"href":"https:\/\/uni-tauchen.de\/index.php?rest_route=\/wp\/v2\/users\/1"}],"replies":[{"embeddable":true,"href":"https:\/\/uni-tauchen.de\/index.php?rest_route=%2Fwp%2Fv2%2Fcomments&post=69"}],"version-history":[{"count":3,"href":"https:\/\/uni-tauchen.de\/index.php?rest_route=\/wp\/v2\/pages\/69\/revisions"}],"predecessor-version":[{"id":550,"href":"https:\/\/uni-tauchen.de\/index.php?rest_route=\/wp\/v2\/pages\/69\/revisions\/550"}],"up":[{"embeddable":true,"href":"https:\/\/uni-tauchen.de\/index.php?rest_route=\/wp\/v2\/pages\/65"}],"wp:attachment":[{"href":"https:\/\/uni-tauchen.de\/index.php?rest_route=%2Fwp%2Fv2%2Fmedia&parent=69"}],"curies":[{"name":"wp","href":"https:\/\/api.w.org\/{rel}","templated":true}]}}